{"id":10051,"date":"2024-08-14T08:19:41","date_gmt":"2024-08-14T13:19:41","guid":{"rendered":"https:\/\/sinia.minam.gob.pe\/portal\/?page_id=10051"},"modified":"2025-07-25T15:37:00","modified_gmt":"2025-07-25T20:37:00","slug":"diadesol","status":"publish","type":"page","link":"https:\/\/sinia.minam.gob.pe\/portal\/diadesol\/","title":{"rendered":"DIADESOL"},"content":{"rendered":"\t\t<div data-elementor-type=\"wp-page\" data-elementor-id=\"10051\" class=\"elementor elementor-10051\" data-elementor-settings=\"[]\">\n\t\t\t\t\t\t\t<div class=\"elementor-section-wrap\">\n\t\t\t\t\t\t\t<section class=\"elementor-section elementor-top-section elementor-element elementor-element-51761d2 elementor-section-full_width elementor-hidden-desktop elementor-hidden-tablet elementor-hidden-mobile elementor-section-height-default elementor-section-height-default\" data-id=\"51761d2\" data-element_type=\"section\">\n\t\t\t\t\t\t\t<div class=\"elementor-background-overlay\"><\/div>\n\t\t\t\t\t\t\t<div class=\"elementor-container elementor-column-gap-default\">\n\t\t\t\t\t<div class=\"elementor-column elementor-col-100 elementor-top-column elementor-element elementor-element-9bfd4fd\" data-id=\"9bfd4fd\" data-element_type=\"column\" data-settings=\"{&quot;background_background&quot;:&quot;classic&quot;}\">\n\t\t\t<div class=\"elementor-widget-wrap elementor-element-populated\">\n\t\t\t\t\t\t\t\t<div class=\"elementor-element elementor-element-d7d6ea3 elementor-widget__width-inherit elementor--h-position-center elementor--v-position-middle elementor-arrows-position-inside elementor-pagination-position-inside elementor-widget elementor-widget-slides\" data-id=\"d7d6ea3\" data-element_type=\"widget\" data-settings=\"{&quot;transition&quot;:&quot;fade&quot;,&quot;transition_speed&quot;:1500,&quot;navigation&quot;:&quot;both&quot;,&quot;autoplay&quot;:&quot;yes&quot;,&quot;pause_on_hover&quot;:&quot;yes&quot;,&quot;pause_on_interaction&quot;:&quot;yes&quot;,&quot;autoplay_speed&quot;:5000,&quot;infinite&quot;:&quot;yes&quot;}\" data-widget_type=\"slides.default\">\n\t\t\t\t<div class=\"elementor-widget-container\">\n\t\t\t\t\t<div class=\"elementor-swiper\">\n\t\t\t<div class=\"elementor-slides-wrapper elementor-main-swiper swiper-container\" dir=\"ltr\" data-animation=\"\">\n\t\t\t\t<div class=\"swiper-wrapper elementor-slides\">\n\t\t\t\t\t<div class=\"elementor-repeater-item-8e4067a swiper-slide\"><div class=\"swiper-slide-bg elementor-ken-burns elementor-ken-burns--in\"><\/div><div class=\"elementor-background-overlay\"><\/div><div class=\"swiper-slide-inner\" ><div class=\"swiper-slide-contents\"><div class=\"elementor-slide-heading\">D\u00eda de la Gesti\u00f3n Integral de Residuos (DIADESOL)<\/div><\/div><\/div><\/div><div class=\"elementor-repeater-item-e221708 swiper-slide\"><div class=\"swiper-slide-bg elementor-ken-burns elementor-ken-burns--in\"><\/div><div class=\"elementor-background-overlay\"><\/div><div class=\"swiper-slide-inner\" ><div class=\"swiper-slide-contents\"><div class=\"elementor-slide-heading\">D\u00eda de la Gesti\u00f3n Integral de Residuos (DIADESOL)<\/div><\/div><\/div><\/div><div class=\"elementor-repeater-item-8fe4f31 swiper-slide\"><div class=\"swiper-slide-bg elementor-ken-burns elementor-ken-burns--in\"><\/div><div class=\"elementor-background-overlay\"><\/div><div class=\"swiper-slide-inner\" ><div class=\"swiper-slide-contents\"><div class=\"elementor-slide-heading\">D\u00eda de la Gesti\u00f3n Integral de Residuos (DIADESOL)<\/div><\/div><\/div><\/div>\t\t\t\t<\/div>\n\t\t\t\t\t\t\t\t\t\t\t\t\t\t\t<div class=\"swiper-pagination\"><\/div>\n\t\t\t\t\t\t\t\t\t\t\t\t\t\t\t\t<div class=\"elementor-swiper-button elementor-swiper-button-prev\">\n\t\t\t\t\t\t\t<i aria-hidden=\"true\" class=\"eicon-chevron-left\"><\/i>\t\t\t\t\t\t\t<span class=\"elementor-screen-only\">Previous<\/span>\n\t\t\t\t\t\t<\/div>\n\t\t\t\t\t\t<div class=\"elementor-swiper-button elementor-swiper-button-next\">\n\t\t\t\t\t\t\t<i aria-hidden=\"true\" class=\"eicon-chevron-right\"><\/i>\t\t\t\t\t\t\t<span class=\"elementor-screen-only\">Next<\/span>\n\t\t\t\t\t\t<\/div>\n\t\t\t\t\t\t\t\t\t\t\t\t<\/div>\n\t\t<\/div>\n\t\t\t\t<\/div>\n\t\t\t\t<\/div>\n\t\t\t\t\t<\/div>\n\t\t<\/div>\n\t\t\t\t\t\t\t<\/div>\n\t\t<\/section>\n\t\t\t\t<section class=\"elementor-section elementor-top-section elementor-element elementor-element-14fefe2 elementor-section-full_width elementor-section-height-default elementor-section-height-default\" data-id=\"14fefe2\" data-element_type=\"section\">\n\t\t\t\t\t\t\t<div class=\"elementor-background-overlay\"><\/div>\n\t\t\t\t\t\t\t<div class=\"elementor-container elementor-column-gap-default\">\n\t\t\t\t\t<div class=\"elementor-column elementor-col-100 elementor-top-column elementor-element elementor-element-cd98530\" data-id=\"cd98530\" data-element_type=\"column\" data-settings=\"{&quot;background_background&quot;:&quot;classic&quot;}\">\n\t\t\t<div class=\"elementor-widget-wrap elementor-element-populated\">\n\t\t\t\t\t\t\t\t<div class=\"elementor-element elementor-element-0b04ffa elementor-widget__width-inherit elementor--h-position-right elementor--v-position-bottom elementor-arrows-position-inside elementor-pagination-position-inside elementor-widget elementor-widget-slides\" data-id=\"0b04ffa\" data-element_type=\"widget\" data-settings=\"{&quot;transition&quot;:&quot;fade&quot;,&quot;transition_speed&quot;:1500,&quot;navigation&quot;:&quot;both&quot;,&quot;autoplay&quot;:&quot;yes&quot;,&quot;pause_on_hover&quot;:&quot;yes&quot;,&quot;pause_on_interaction&quot;:&quot;yes&quot;,&quot;autoplay_speed&quot;:5000,&quot;infinite&quot;:&quot;yes&quot;}\" data-widget_type=\"slides.default\">\n\t\t\t\t<div class=\"elementor-widget-container\">\n\t\t\t\t\t<div class=\"elementor-swiper\">\n\t\t\t<div class=\"elementor-slides-wrapper elementor-main-swiper swiper-container\" dir=\"ltr\" data-animation=\"fadeInRight\">\n\t\t\t\t<div class=\"swiper-wrapper elementor-slides\">\n\t\t\t\t\t<div class=\"elementor-repeater-item-6953d39 swiper-slide\"><div class=\"swiper-slide-bg\"><\/div><div class=\"swiper-slide-inner\" ><div class=\"swiper-slide-contents\"><\/div><\/div><\/div>\t\t\t\t<\/div>\n\t\t\t\t\t\t\t<\/div>\n\t\t<\/div>\n\t\t\t\t<\/div>\n\t\t\t\t<\/div>\n\t\t\t\t\t<\/div>\n\t\t<\/div>\n\t\t\t\t\t\t\t<\/div>\n\t\t<\/section>\n\t\t\t\t\t\t<\/div>\n\t\t\t\t\t<\/div>\n\t\t","protected":false},"excerpt":{"rendered":"<p>D\u00eda de la Gesti\u00f3n Integral de Residuos (DIADESOL)D\u00eda de la Gesti\u00f3n Integral de Residuos (DIADESOL)D\u00eda de la Gesti\u00f3n Integral de Residuos (DIADESOL) Previous Next<\/p>\n","protected":false},"author":3,"featured_media":0,"parent":0,"menu_order":0,"comment_status":"closed","ping_status":"closed","template":"","meta":[],"tematicasiniat":[],"yoast_head":"<!-- This site is optimized with the Yoast SEO plugin v18.3 - https:\/\/yoast.com\/wordpress\/plugins\/seo\/ -->\n<title>DIADESOL | Portal SINIA<\/title>\n<meta name=\"robots\" content=\"index, follow, max-snippet:-1, max-image-preview:large, max-video-preview:-1\" \/>\n<link rel=\"canonical\" href=\"https:\/\/sinia.minam.gob.pe\/portal\/diadesol\/\" \/>\n<meta property=\"og:locale\" content=\"es_ES\" \/>\n<meta property=\"og:type\" content=\"article\" \/>\n<meta property=\"og:title\" content=\"DIADESOL | Portal SINIA\" \/>\n<meta property=\"og:description\" content=\"D\u00eda de la Gesti\u00f3n Integral de Residuos (DIADESOL)D\u00eda de la Gesti\u00f3n Integral de Residuos (DIADESOL)D\u00eda de la Gesti\u00f3n Integral de Residuos (DIADESOL) Previous Next\" \/>\n<meta property=\"og:url\" content=\"https:\/\/sinia.minam.gob.pe\/portal\/diadesol\/\" \/>\n<meta property=\"og:site_name\" content=\"Portal SINIA\" \/>\n<meta property=\"article:modified_time\" content=\"2025-07-25T20:37:00+00:00\" \/>\n<meta name=\"twitter:card\" content=\"summary_large_image\" \/>\n<meta name=\"twitter:label1\" content=\"Tiempo de lectura\" \/>\n\t<meta name=\"twitter:data1\" content=\"2 minutos\" \/>\n<script type=\"application\/ld+json\" class=\"yoast-schema-graph\">{\"@context\":\"https:\/\/schema.org\",\"@graph\":[{\"@type\":\"Organization\",\"@id\":\"https:\/\/sinia.minam.gob.pe\/portal\/#organization\",\"name\":\"Portal SINIA\",\"url\":\"https:\/\/sinia.minam.gob.pe\/portal\/\",\"sameAs\":[],\"logo\":{\"@type\":\"ImageObject\",\"@id\":\"https:\/\/sinia.minam.gob.pe\/portal\/#logo\",\"inLanguage\":\"es\",\"url\":\"https:\/\/sinia.minam.gob.pe\/portal\/wp-content\/uploads\/2023\/04\/cropped-cropped-sinia-ch.png\",\"contentUrl\":\"https:\/\/sinia.minam.gob.pe\/portal\/wp-content\/uploads\/2023\/04\/cropped-cropped-sinia-ch.png\",\"width\":188,\"height\":78,\"caption\":\"Portal SINIA\"},\"image\":{\"@id\":\"https:\/\/sinia.minam.gob.pe\/portal\/#logo\"}},{\"@type\":\"WebSite\",\"@id\":\"https:\/\/sinia.minam.gob.pe\/portal\/#website\",\"url\":\"https:\/\/sinia.minam.gob.pe\/portal\/\",\"name\":\"Portal SINIA\",\"description\":\"Portales SINIA MINAM\",\"publisher\":{\"@id\":\"https:\/\/sinia.minam.gob.pe\/portal\/#organization\"},\"potentialAction\":[{\"@type\":\"SearchAction\",\"target\":{\"@type\":\"EntryPoint\",\"urlTemplate\":\"https:\/\/sinia.minam.gob.pe\/portal\/?s={search_term_string}\"},\"query-input\":\"required name=search_term_string\"}],\"inLanguage\":\"es\"},{\"@type\":\"WebPage\",\"@id\":\"https:\/\/sinia.minam.gob.pe\/portal\/diadesol\/#webpage\",\"url\":\"https:\/\/sinia.minam.gob.pe\/portal\/diadesol\/\",\"name\":\"DIADESOL | Portal SINIA\",\"isPartOf\":{\"@id\":\"https:\/\/sinia.minam.gob.pe\/portal\/#website\"},\"datePublished\":\"2024-08-14T13:19:41+00:00\",\"dateModified\":\"2025-07-25T20:37:00+00:00\",\"breadcrumb\":{\"@id\":\"https:\/\/sinia.minam.gob.pe\/portal\/diadesol\/#breadcrumb\"},\"inLanguage\":\"es\",\"potentialAction\":[{\"@type\":\"ReadAction\",\"target\":[\"https:\/\/sinia.minam.gob.pe\/portal\/diadesol\/\"]}]},{\"@type\":\"BreadcrumbList\",\"@id\":\"https:\/\/sinia.minam.gob.pe\/portal\/diadesol\/#breadcrumb\",\"itemListElement\":[{\"@type\":\"ListItem\",\"position\":1,\"name\":\"Inicio\",\"item\":\"https:\/\/sinia.minam.gob.pe\/portal\/\"},{\"@type\":\"ListItem\",\"position\":2,\"name\":\"DIADESOL\"}]}]}<\/script>\n<!-- \/ Yoast SEO plugin. -->","yoast_head_json":{"title":"DIADESOL | Portal SINIA","robots":{"index":"index","follow":"follow","max-snippet":"max-snippet:-1","max-image-preview":"max-image-preview:large","max-video-preview":"max-video-preview:-1"},"canonical":"https:\/\/sinia.minam.gob.pe\/portal\/diadesol\/","og_locale":"es_ES","og_type":"article","og_title":"DIADESOL | Portal SINIA","og_description":"D\u00eda de la Gesti\u00f3n Integral de Residuos (DIADESOL)D\u00eda de la Gesti\u00f3n Integral de Residuos (DIADESOL)D\u00eda de la Gesti\u00f3n Integral de Residuos (DIADESOL) Previous Next","og_url":"https:\/\/sinia.minam.gob.pe\/portal\/diadesol\/","og_site_name":"Portal SINIA","article_modified_time":"2025-07-25T20:37:00+00:00","twitter_card":"summary_large_image","twitter_misc":{"Tiempo de lectura":"2 minutos"},"schema":{"@context":"https:\/\/schema.org","@graph":[{"@type":"Organization","@id":"https:\/\/sinia.minam.gob.pe\/portal\/#organization","name":"Portal SINIA","url":"https:\/\/sinia.minam.gob.pe\/portal\/","sameAs":[],"logo":{"@type":"ImageObject","@id":"https:\/\/sinia.minam.gob.pe\/portal\/#logo","inLanguage":"es","url":"https:\/\/sinia.minam.gob.pe\/portal\/wp-content\/uploads\/2023\/04\/cropped-cropped-sinia-ch.png","contentUrl":"https:\/\/sinia.minam.gob.pe\/portal\/wp-content\/uploads\/2023\/04\/cropped-cropped-sinia-ch.png","width":188,"height":78,"caption":"Portal SINIA"},"image":{"@id":"https:\/\/sinia.minam.gob.pe\/portal\/#logo"}},{"@type":"WebSite","@id":"https:\/\/sinia.minam.gob.pe\/portal\/#website","url":"https:\/\/sinia.minam.gob.pe\/portal\/","name":"Portal SINIA","description":"Portales SINIA MINAM","publisher":{"@id":"https:\/\/sinia.minam.gob.pe\/portal\/#organization"},"potentialAction":[{"@type":"SearchAction","target":{"@type":"EntryPoint","urlTemplate":"https:\/\/sinia.minam.gob.pe\/portal\/?s={search_term_string}"},"query-input":"required name=search_term_string"}],"inLanguage":"es"},{"@type":"WebPage","@id":"https:\/\/sinia.minam.gob.pe\/portal\/diadesol\/#webpage","url":"https:\/\/sinia.minam.gob.pe\/portal\/diadesol\/","name":"DIADESOL | Portal SINIA","isPartOf":{"@id":"https:\/\/sinia.minam.gob.pe\/portal\/#website"},"datePublished":"2024-08-14T13:19:41+00:00","dateModified":"2025-07-25T20:37:00+00:00","breadcrumb":{"@id":"https:\/\/sinia.minam.gob.pe\/portal\/diadesol\/#breadcrumb"},"inLanguage":"es","potentialAction":[{"@type":"ReadAction","target":["https:\/\/sinia.minam.gob.pe\/portal\/diadesol\/"]}]},{"@type":"BreadcrumbList","@id":"https:\/\/sinia.minam.gob.pe\/portal\/diadesol\/#breadcrumb","itemListElement":[{"@type":"ListItem","position":1,"name":"Inicio","item":"https:\/\/sinia.minam.gob.pe\/portal\/"},{"@type":"ListItem","position":2,"name":"DIADESOL"}]}]}},"_links":{"self":[{"href":"https:\/\/sinia.minam.gob.pe\/portal\/wp-json\/wp\/v2\/pages\/10051"}],"collection":[{"href":"https:\/\/sinia.minam.gob.pe\/portal\/wp-json\/wp\/v2\/pages"}],"about":[{"href":"https:\/\/sinia.minam.gob.pe\/portal\/wp-json\/wp\/v2\/types\/page"}],"author":[{"embeddable":true,"href":"https:\/\/sinia.minam.gob.pe\/portal\/wp-json\/wp\/v2\/users\/3"}],"replies":[{"embeddable":true,"href":"https:\/\/sinia.minam.gob.pe\/portal\/wp-json\/wp\/v2\/comments?post=10051"}],"version-history":[{"count":470,"href":"https:\/\/sinia.minam.gob.pe\/portal\/wp-json\/wp\/v2\/pages\/10051\/revisions"}],"predecessor-version":[{"id":23834,"href":"https:\/\/sinia.minam.gob.pe\/portal\/wp-json\/wp\/v2\/pages\/10051\/revisions\/23834"}],"wp:attachment":[{"href":"https:\/\/sinia.minam.gob.pe\/portal\/wp-json\/wp\/v2\/media?parent=10051"}],"wp:term":[{"taxonomy":"tematicasiniat","embeddable":true,"href":"https:\/\/sinia.minam.gob.pe\/portal\/wp-json\/wp\/v2\/tematicasiniat?post=10051"}],"curies":[{"name":"wp","href":"https:\/\/api.w.org\/{rel}","templated":true}]}}